
In base 4, what is -32 - -310212?
310120
In base 15, what is 0 + 19215?
19215
In base 13, what is -73ab - -9?
-73a2
In base 7, what is 362 + 206?
601
In base 5, what is -30112 - 11042?
-41204
In base 8, what is -456 - 2630?
-3306
In base 9, what is 65371 + -1?
65370
In base 11, what is -49893 + 2?
-49891
In base 6, what is 4 - 552524?
-552520
In base 12, what is -24357 - 4?
-2435b
In base 14, what is 3 + -9372?
-936d
In base 13, what is -8 + -581bc?
-581c7
In base 3, what is -20020 + 20220202?
20200112
In base 8, what is -4 + 476133?
476127
In base 14, what is -29cd - -12?
-29bb
In base 6, what is -124052520 - -4?
-124052512
In base 16, what is 4 + 1b19b?
1b19f
In base 7, what is 0 + 506115?
506115
In base 14, what is -17aba - -5?
-17ab5
In base 11, what is 588 + -54?
534
In base 3, what is -111020 - -2102010?
1220220
In base 16, what is -2427f - 5?
-24284
In base 2, what is 101 - 1101010001010?
-1101010000101
In base 11, what is -93 - 33815?
-338a8
In base 3, what is -12000 - -22221?
10221
In base 11, what is 5 + 4562?
4567
In base 5, what is -31241224 - -1?
-31241223
In base 5, what is -23 + -3213?
-3241
In base 6, what is 53435155 - 3?
53435152
In base 15, what is 1 - -a318d?
a318e
In base 14, what is 30d1 + 3a?
312b
In base 13, what is -3 - -11b62?
11b5c
In base 10, what is 21923 - 2?
21921
In base 3, what is 12010 - 20020?
-1010
In base 3, what is -11221202 + -12?
-11221221
In base 10, what is 9 + -7487?
-7478
In base 3, what is -1100102 - 2122212?
-11000021
In base 15, what is e1 + 165?
256
In base 16, what is -437e + 23?
-435b
In base 3, what is -110 + -212220000?
-212220110
In base 5, what is -12413033 - 1?
-12413034
In base 2, what is 11111101 + 11011001?
111010110
In base 3, what is -101 - 10220211?
-10221012
In base 14, what is -4d848 + 4?
-4d844
In base 12, what is -206 + 2738?
2532
In base 13, what is 7025 - 5?
7020
In base 7, what is 112 - -103020?
103132
In base 8, what is -25 - -1632?
1605
In base 4, what is -133022110 + 3?
-133022101
In base 5, what is -1343334 - 3?
-1343342
In base 4, what is -2 - 22130121?
-22130123
In base 8, what is -2415 + 62?
-2333
In base 12, what is -71 - 9945?
-99b6
In base 9, what is -1657 - -10?
-1647
In base 7, what is 2 - -3402066?
3402101
In base 7, what is 15332 - -22?
15354
In base 12, what is -21a4057 - 1?
-21a4058
In base 3, what is 11 + -2120212110?
-2120212022
In base 3, what is 121122 + -20201?
100221
In base 3, what is 22211 - 2111?
20100
In base 16, what is 12fad1 + 4?
12fad5
In base 8, what is 46 + 55533?
55601
In base 2, what is 10 + 111011010110001000?
111011010110001010
In base 5, what is 14 - 1321323?
-1321304
In base 8, what is -2452 + 113?
-2337
In base 6, what is 21502452 + 3?
21502455
In base 11, what is -5 - 15a09?
-15a13
In base 16, what is 1 - 112b?
-112a
In base 9, what is 687 - 146?
541
In base 9, what is 25 + 723?
748
In base 14, what is 161218 - 2?
161216
In base 6, what is -410153 + 1?
-410152
In base 13, what is -5778c + 9?
-57783
In base 4, what is 33 + -11203133?
-11203100
In base 15, what is 4 + -474e4?
-474e0
In base 10, what is 150 - 45?
105
In base 14, what is -2052 + 5?
-204b
In base 2, what is -1010100011 - -1001?
-1010011010
In base 5, what is -2 - 2214434?
-2214441
In base 2, what is 10 - -1011100101101100100?
1011100101101100110
In base 9, what is 1 + 115465?
115466
In base 13, what is 3218 + 28?
3243
In base 7, what is -210 - 22424?
-22634
In base 6, what is 215225 + 35?
215304
In base 12, what is 2 + 2876?
2878
In base 12, what is 123696 + -2?
123694
In base 16, what is 715 - 1c?
6f9
In base 10, what is -14 + -71272?
-71286
In base 2, what is 10010111101000010 - 11?
10010111100111111
In base 4, what is -332310221 + -3?
-332310230
In base 8, what is 62 + 332?
414
In base 14, what is -3 - -aabc2?
aabbd
In base 4, what is -2010333 + 2123?
-2002210
In base 10, what is 499 - 903?
-404
In base 12, what is 23 - 3594?
-3571
In base 10, what is 83938 + 26?
83964
In base 12, what is 0 - 3a7a68?
-3a7a68
In base 13, what is b - 1046a8?
-10469a
In base 9, what is 2814 + -373?
2431
In base 2, what is -110 - 1100111111100010?
-1100111111101000
In base 6, what is 1 + -2422145?
-2422144
In base 16, what is -b9 - 25?
-de
In base 7, what is -205623 + -5?
-205631
In base 10, what is 97 - -4145?
4242
In base 2, what is 110000001111001001 - -101?
110000001111001110
In base 4, what is -331 + -201010?
-202001
In base 8, what is 47306 + 130?
47436
In base 6, what is -2 + 302205?
302203
In base 5, what is 34144432 - -22?
34200004
In base 12, what is 5761 - -8?
5769
In base 8, what is -45455 + 5?
-45450
In base 9, what is -13446 - 7?
-13454
In base 3, what is 20102 + 1011120200?
1011211002
In base 7, what is 11 + 6102?
6113
In base 9, what is 103 + 108560?
108663
In base 13, what is 137 + 1cb1?
2118
In base 13, what is 72 + -67?
8
In base 7, what is 2003510 - 5?
2003502
In base 11, what is 91a - -80?
99a
In base 9, what is 4 - 1583845?
-1583841
In base 3, what is -110001 - 11202?
-121210
In base 14, what is b1376 - 2?
b1374
In base 3, what is 2 - -102101102?
102101111
In base 11, what is -217 + 57?
-170
In base 13, what is 18 + 527?
542
In base 15, what is 3 + 100071?
100074
In base 13, what is c0b95 - 2?
c0b93
In base 2, what is 10011010110 - 1011100101?
111110001
In base 11, what is -3 - 459?
-461
In base 14, what is -11 + -3a00c?
-3a01d
In base 2, what is -11010111 + -100110011?
-1000001010
In base 8, what is 7 - -350263?
350272
In base 12, what is -37 + -1505?
-1540
In base 6, what is 2 + -1420201?
-1420155
In base 4, what is -1 - -2110101?
2110100
In base 6, what is -4 + 10413135?
10413131
In base 3, what is 0 + -120022112012?
-120022112012
In base 10, what is -194 + -398?
-592
In base 16, what is 108dd + 14?
108f1
In base 14, what is 9b61 + 4?
9b65
In base 16, what is -644 + -258?
-89c
In base 11, what is 4 - 525?
-521
In base 13, what is -7 - -a5a?
a53
In base 7, what is 2 + 2110242?
2110244
In base 14, what is a - -292c6?
292d2
In base 10, what is 131317 - -4?
131321
In base 6, what is -4 - -4135355?
4135351
In base 12, what is 35b3 + -25?
358a
In base 8, what is 7003 + 37?
7042
In base 12, what is -10b076 + 1?
-10b075
In base 6, what is 423114 - 32?
423042
In base 15, what is -3 - 44b5?
-44b8
In base 11, what is -436a + -165?
-4524
In base 11, what is -62735 - 9?
-62743
In base 8, what is -426463 - 0?
-426463
In base 14, what is -41 + -645?
-686
In base 13, what is 152 + 3895?
3a17
In base 16, what is -13 + 236?
223
In base 3, what is 10 - -1011000222?
1011001002
In base 9, what is -14470 + 7?
-14462
In base 10, what is 4276 + -147?
4129
In base 16, what is 14fa - 4?
14f6
In base 11, what is -156909 + -1?
-15690a
In base 13, what is a894 + -184?
a710
In base 12, what is -7 + -8469?
-8474
In base 14, what is 65 - -5c?
c3
In base 14, what is -d4 + -641?
-735
In base 8, what is -337412 - -1?
-337411
In base 9, what is 316603 - 15?
316577
In base 13, what is 166 + 4a3a?
4ba3
In base 7, what is 4 + 3460413?
3460420
In base 7, what is 22 + 501636?
501661
In base 6, what is -5 - 5004241?
-5004250
In base 5, what is 32 + 22023?
22110
In base 15, what is -48de + 9?
-48d5
In base 9, what is -563 - 24476?
-25150
In base 14, what is -d25 - 23?
-d48
In base 7, what is 34 + -10421?
-10354
In base 13, what is 77979 + -3?
77976
In base 5, what is 11003 - 23333?
-12330
In base 2, what is -10 + 10101000100101100110?
10101000100101100100
In base 12, what is 47 - 985?
-93a
In base 16, what is -34 + b9?
85
In base 13, what is 12b - -28?
156
In base 8, what is -621467 - -4?
-621463
In base 6, what is 1302232 + 3?
1302235
In base 4, what is 31 + -123202221?
-123202130
In base 2, what is -100000010 - 11000010?
-111000100
In base 10, what is -4 + 66222?
66218
In base 5, what is -20340111 - -1?
-20340110
In base 2, what is -1101 + -11101111001?
-11110000110
In base 5, what is 324 - -1042?
1421
In base 10, what is -3771 + 16?
-3755
In base 4, what is -130203 - 112?
-130321
In base 9, what is 3 + -15410?
-15406
In base 15, what is -4e - -808?
7a9
In base 14, what is 28 - 63?
-39
In base 12, what is -632127 + -1?
-632128
In base 15, what is e8 + -e5b?
-d63
In base 7, what is -3302 + 230?
-3042
In base 9, what is -4 + -433318?
-433323
In base 8, what is 4 - 110406?
-110402
In base 7, what is -4 + 5